e remainder when 5 is divided by c?
1
Let l = -114 + 186. Suppose 2*d - l = -d. What is the remainder when d is divided by 13?
11
Suppose -s + 13 = -21. Suppose 5*p = 3*p. Calculate the remainder when s is divided by 0 + 10 + (p - -2).
10
Suppose -4*q + 5 = -3*q. Suppose -3*f + 4 = o - 3, 0 = q*f. Let g(m) = -m**3 - 3*m**2 + 2. What is the remainder when o is divided by g(-3)?
1
Let v = 28 + 4. What is the remainder when v is divided by 11?
10
Let p(k) = -k**2 - k - 1. Let t(a) = -6*a**2 + 10*a - 6. Let m(x) = 5*p(x) - t(x). What is the remainder when m(17) is divided by 12?
11
Suppose -23 - 120 = -11*z. What is the remainder when 36 is divided by z?
10
Suppose t = 5*t - 224. Calculate the remainder when (-2)/(-1) - (0 - t) is divided by 20.
18
Let z(k) = -3*k**3 - k**2 + 2*k - 1. Let h be z(1). Calculate the remainder when (h - (-5)/4)*-16 is divided by 15.
13
Suppose 0 = -6*s + 13 + 203. Calculate the remainder when s is divided by 13.
10
Suppose 4*h - 32 = 5*i, 11 = 3*h - 2*i - 6. Let u = -33 + 59. Suppose -u = -h*j + j. Calculate the remainder when j is divided by 7.
6
Let q = 9 + -6. Let f be q + 1 + 0/(-3). Let a = 4 + f. What is the remainder when 14 is divided by a?
6
Let p be (-2)/(-3) - (-13)/3. Suppose -2*s = -4*t - 22, -p*s - 4*t + 6*t = -31. Calculate the remainder when s is divided by ((-3 - -4)/(-1))/((-3)/6).
1
Let q(m) = -m**3 + 10*m**2 + 14*m - 15. Calculate the remainder when 30 is divided by q(11).
12
Suppose 8*g = 5*g + 51. What is the remainder when 31 is divided by g?
14
Let t(o) = o**2 - 10*o + 10. Let y be t(7). Let m = 24 + y. Calculate the remainder when 25 is divided by m.
12
Suppose b = 2*b - 5. Let t(k) = k**2 - 5*k + 1. What is the remainder when (-9)/6*(-8)/6 is divided by t(b)?
0
What is the remainder when 179 is divided by (-3*(-4)/(-10))/(28/(-840))?
35
Calculate the remainder when 133 is divided by (-495)/22*(-4)/6.
13
Suppose -5*a = 7 + 3. Let f be 7*(-2 + -9 + a). Let n = -59 - f. Calculate the remainder when n is divided by 11.
10
Let o(i) = 1 + i + 6 - 2*i. Let a be o(7). Let w = a + 32. What is the remainder when w is divided by 17?
15
Let u = -20 - -22. Calculate the remainder when 6 is divided by u.
0
Suppose 32 = 4*x - 8. Suppose 3*m - 212 = 2*b - 44, 98 = -b - 2*m. Calculate the remainder when x is divided by ((-1)/3)/(5/b).
4
Suppose -5*g = -r - 219, 0 = -4*g + r + 4*r + 192. Suppose x - g = -4*s - 2*x, 0 = -5*s + x + 68. What is the remainder when 38 is divided by s?
12
What is the remainder when 61 is divided by 117/4 + (-10)/40?
3
What is the remainder when 48 is divided by (1/4)/((-19)/(-1900))?
23
Suppose 0 = -4*u + 9 - 1. Suppose -4*v = 2*g + 8, 6 = -3*g + 2*g - 4*v. Calculate the remainder when 75/g*u/(-3) is divided by 9.
7
Let r(g) = g + 22. Suppose -5*z - 2 = m + 3, m + 1 = -z. Let y be r(m). Let f = y + -6. Calculate the remainder when 31 is divided by f.
15
Suppose q + 7 = -4*b, -4*q + 4*b = q - 61. Let z be -2 + (q + -2)*1. Suppose 5*i - 4*y = 3*i + 8, -2*y + 68 = z*i. What is the remainder when i is divided by 7?
5
Suppose -2*r - r + 30 = 0. Suppose -10 = -b + r. Calculate the remainder when (-2)/3 - (-116)/3 is divided by b.
18
Suppose 12 = -0*n + 2*n. What is the remainder when 28 is divided by n?
4
Let m be (-4)/(-14) - 138/(-7). Suppose v - 3*v = -m. Calculate the remainder when (18/5)/(-3)*-15 is divided by v.
8
Suppose 2*c = -0*c + 4, -5*w + 66 = 3*c. What is the remainder when 46 is divided by w?
10
Suppose -5*b = 5*w - 10, 6 = -b - 8*w + 3*w. Calculate the remainder when 2*(-1)/(-3)*(-714)/(-68) is divided by b.
3
Suppose 24 = 2*g + g. Suppose -a + 24 = 3*a. Suppose 2*w = -a, 0 = -2*f - 2*f - 5*w + 41. What is the remainder when f is divided by g?
6
Suppose -62 = -4*u - 2*x, -4*u - 5*x - 70 = -9*u. What is the remainder when u is divided by 10?
5
Let z(u) = 4*u**2 - 7*u + 4. Let r = 9 + -5. Calculate the remainder when z(r) is divided by ((-28)/10)/((-1)/5).
12
Let b(t) = t**2 + 3*t - 18. Calculate the remainder when b(-15) is divided by 33.
30
Suppose 3*o - 6*o = 6, 3*f - 358 = 5*o. Suppose 0*z + f = 4*z. Suppose 8*v - 29 = 51. Calculate the remainder when z is divided by v.
9
Suppose -n - 3 = -6. Suppose -n*i + 157 = 2*h, 0*i = i + 4*h - 69. Calculate the remainder when i is divided by 17.
15
Let i = 0 + 15. What is the remainder when 42 is divided by i?
12
Let b(z) = z**2 + 3*z - 7. Let g be b(-4). Let o(y) = -4*y + 2. What is the remainder when o(g) is divided by 5?
4
Suppose -220 = -3*v - v - 4*c, 2*c = -4*v + 218. What is the remainder when v is divided by 19?
16
Suppose -4*o - 22 = -6*o. What is the remainder when 52 is divided by o?
8
Let w = 20 - 5. Suppose 0 = -9*m + 4*m + w. Suppose -4*b + 42 = a - m*a, b + 5*a - 16 = 0. What is the remainder when 31 is divided by b?
9
Suppose 4*d - 2 = -6, -d - 9 = -4*f. What is the remainder when 22 is divided by 5/f*(-48)/(-15)?
6
Let f = -16 - -9. Let s = f - -12. Suppose 0 = -0*r - 2*r + 18. What is the remainder when r is divided by s?
4
Let y = 177 + -141. What is the remainder when y is divided by 22?
14
Let o(u) = -u**2 + 9*u - 10. Let w be o(7). What is the remainder when 17 is divided by (-1)/w + (-185)/(-20)?
8
Suppose w - 9 = a, 3*w - 8*w + 45 = 4*a. Calculate the remainder when w is divided by (-42)/(-8) + (-2)/8.
4
Let w(n) = -15*n + 1. Calculate the remainder when 61 is divided by w(-1).
13
Let q(l) = 25*l**2 - l - 1. Let m be q(-1). Suppose -2*r + 0*r - 2 = -4*i, m = 5*r. What is the remainder when 5 is divided by i?
2
Let i = 7 + -5. Suppose -2*q = -2*l - 48, i*q = 2*l - 2*q + 56. Let f = 13 - l. What is the remainder when f is divided by 17?
16
Suppose 5*r = 5*d - 225, -r = 2*d + 2*r - 110. What is the remainder when d is divided by 26?
23
Let w = 1 - -1. What is the remainder when 2 is divided by w?
0
Let f = -2 + 7. Calculate the remainder when (13/(-4))/((-8)/32) is divided by f.
3
Let k(d) = -d**2 + 3*d. Let m be k(3). Suppose m = 3*h + h - 8. Let c = 6 - h. What is the remainder when c is divided by 2?
0
Let k = 94 + -20. What is the remainder when k is divided by 33?
8
Suppose -2*t - 3*z = z - 164, 5*t = -3*z + 396. Calculate the remainder when t is divided by 20.
18
Suppose -3*w + w + 3*z = -85, -2*w - 5*z = -125. Calculate the remainder when w is divided by 13.
11
Suppose -15 = h - 4*h. Suppose 0 = h*b, 4*b = -4*k + 6*b + 12. Suppose 0 = -k*i - 0*i + 9, 2*y = 3*i + 23. Calculate the remainder when 31 is divided by y.
15
Let w(l) be the first derivative of l**3/3 + 6*l - 3. What is the remainder when w(5) is divided by 17?
14
Suppose -w + 3*w - 2*v = 24, -2*w - 5*v - 11 = 0. Let u = -18 + 20. Suppose -u*c + 44 = 2*c. Calculate the remainder when c is divided by w.
4
Let q = -18 - -22. Let u(c) = 3*c - 3. What is the remainder when u(q) is divided by (-1 - 5)/(3/(-2))?
1
Let w be 12 - -4 - (0 - -3). Suppose -z - b + w = -0*b, 4*b = 4. Calculate the remainder when 34 is divided by z.
10
Let j = -106 + 119. What is the remainder when 62 is divided by j?
10
Suppose -6 = 2*x - 30. Let m(g) = -g**3 + 8*g**2 - 2*g + 2. Let h be m(7). Let b = -15 + h. Calculate the remainder when b is divided by x.
10
Suppose 2*w = 7*w - 25. Calculate the remainder when 16 is divided by w.
1
Let x = 1 + -5. Let v = x - -5. What is the remainder when 3 is divided by v?
0
Let u(p) = -p + 52. Calculate the remainder when u(0) is divided by 9.
7
Let k = 269 + -119. Suppose 2*t - k = -3*t. Suppose 4*m - t - 18 = 0. What is the remainder when 47 is divided by m?
11
Let i(u) = 2*u - 19. Let j(h) = -2*h + 18. Let w(f) = -3*i(f) - 4*j(f). What is the remainder when w(12) is divided by 5?
4
Suppose 4*p - 540 = -5*p. Calculate the remainder when p is divided by 17.
9
Suppose -3*d + 20 = d. Suppose -3*z - d*i = -24, z = -2*i + 8 - 1. What is the remainder when 0 + 0 + 1*38 is divided by z?
12
Let j(h) = -5*h + 5*h - 8*h**2 - 4*h - h**3 - 8 + 3*h. Let g be j(-8). Suppose -n - 3*n + 16 = g. Calculate the remainder when 6 is divided by n.
2
Suppose 0*k - 3*k = -336. Suppose 4*o - k = 2*c, o - 4*o - 4*c = -84. Calculate the remainder when 55 is divided by o.
27
Suppose 0 = -4*t - 3*a + 327, 2*t + 2*a = -0*a + 166. Suppose 4*l - t = 10. Calculate the remainder when l is divided by 12.
10
Suppose 0 = 4*o - m - 15, 3*m - 6 = -6*o + o. Let p(g) =